2
What is the hundreds digit of 47024?
0
What is the units digit of 1815?
5
What is the units digit of 1720?
0
What is the tens digit of 3270?
7
What is the units digit of 4171?
1
What is the units digit of 3501?
1
What is the hundreds digit of 551?
5
What is the thousands digit of 2309?
2
What is the thousands digit of 4935?
4
What is the hundreds digit of 1247?
2
What is the hundreds digit of 2795?
7
What is the tens digit of 28103?
0
What is the ten thousands digit of 14710?
1
What is the thousands digit of 2520?
2
What is the tens digit of 2344?
4
What is the units digit of 3128?
8
What is the units digit of 370?
0
What is the hundreds digit of 260?
2
What is the tens digit of 921?
2
What is the units digit of 43104?
4
What is the hundred thousands digit of 102853?
1
What is the tens digit of 9394?
9
What is the tens digit of 12581?
8
What is the units digit of 4045?
5
What is the thousands digit of 6698?
6
What is the tens digit of 88428?
2
What is the units digit of 304?
4
What is the tens digit of 23051?
5
What is the tens digit of 7470?
7
What is the thousands digit of 11491?
1
What is the tens digit of 328?
2
What is the units digit of 163?
3
What is the thousands digit of 40442?
0
What is the units digit of 9365?
5
What is the ten thousands digit of 12953?
1
What is the units digit of 7358?
8
What is the hundreds digit of 2456?
4
What is the hundreds digit of 11965?
9
What is the tens digit of 319?
1
What is the thousands digit of 3786?
3
What is the tens digit of 1037?
3
What is the units digit of 5602?
2
What is the tens digit of 281?
8
What is the tens digit of 10499?
9
What is the units digit of 11016?
6
What is the hundreds digit of 861?
8
What is the ten thousands digit of 19442?
1
What is the thousands digit of 1755?
1
What is the tens digit of 952?
5
What is the hundreds digit of 10566?
5
What is the units digit of 119073?
3
What is the thousands digit of 8265?
8
What is the tens digit of 37064?
6
What is the ten thousands digit of 49414?
4
What is the units digit of 23913?
3
What is the ten thousands digit of 29111?
2
What is the units digit of 919?
9
What is the tens digit of 930?
3
What is the tens digit of 551?
5
What is the units digit of 24763?
3
What is the units digit of 33429?
9
What is the units digit of 23740?
0
What is the tens digit of 1248?
4
What is the units digit of 1571?
1
What is the tens digit of 14277?
7
What is the thousands digit of 1388?
1
What is the hundreds digit of 2758?
7
What is the tens digit of 4590?
9
What is the thousands digit of 7543?
7
What is the hundreds digit of 8905?
9
What is the units digit of 194?
4
What is the hundreds digit of 992?
9
What is the units digit of 1618?
8
What is the units digit of 7297?
7
What is the tens digit of 326?
2
What is the units digit of 1052?
2
What is the units digit of 1057?
7
What is the thousands digit of 2602?
2
What is the hundreds digit of 1111?
1
What is the thousands digit of 10085?
0
What is the ten thousands digit of 46177?
4
What is the thousands digit of 21858?
1
What is the thousands digit of 114590?
4
What is the thousands digit of 7335?
7
What is the hundreds digit of 8831?
8
What is the thousands digit of 38588?
8
What is the units digit of 1895?
5
What is the units digit of 228?
8
What is the hundreds digit of 7906?
9
What is the hundreds digit of 191?
1
What is the units digit of 276?
6
What is the ten thousands digit of 127511?
2
What is the thousands digit of 80841?
0
What is the hundreds digit of 6792?
7
What is the thousands digit of 6289?
6
What is the tens digit of 5585?
8
What is the tens digit of 33881?
8
What is the thousands digit of 1312?
1
What is the thousands digit of 1543?
1
What is the tens digit of 304?
0
What is the ten thousands digit of 36956?
3
What is the tens digit of 1567?
6
What is the units digit of 12153?
3
What is the tens digit of 3495?
9
What is the thousands digit of 105003?
5
What is the tens digit of 421?
2
What is the hundreds digit of 1627?
6
What is the tens digit of 125786?
8
What is the hundreds digit of 320?
3
What is the thousands digit of 10516?
0
What is the ten thousands digit of 57214?
5
What is the units digit of 589?
9
What is the hundreds digit of 10438?
4
What is the ten thousands digit of 140319?
4
What is the tens digit of 11671?
7
What is the thousands digit of 34038?
4
What is the thousands digit of 5829?
5
What is the tens digit of 8396?
9
What is the hundreds digit of 6363?
3
What is the hundreds digit of 442?
4
What is the units digit of 15830?
0
What is the thousands digit of 3384?
3
What is the tens digit of 11368?
6
What is the units digit of 633?
3
What is the units digit of 328?
8
What is the tens digit of 2086?
8
What is the units digit of 6301?
1
What is the tens digit of 3597?
9
What is the tens digit of 8685?
8
What is the thousands digit of 69047?
9
What is the hundreds digit of 4713?
7
What is the tens digit of 35147?
4
What is the hundreds digit of 5250?
2
What is the tens digit of 1207?
0
What is the units digit of 51?
1
What is the thousands digit of 1022?
1
What is the thousands digit of 17537?
7
What is the thousands digit of 9490?
9
What is the hundreds digit of 9065?
0
What is the units digit of 35953?
3
What is the units digit of 4180?
0
What is the thousands digit of 1496?
1
What is the tens digit of 98?
9
What is the ten thousands digit of 14852?
1
What is the hundreds digit of 5800?
8
What is the units digit of 19038?
8
What is the tens digit of 3681?
8
What is the thousands digit of 2366?
2
What is the tens digit of 1465?
6
What is the ten thousands digit of 33725?
3
What is the thousands digit of 1186?
1
What is the units digit of 16490?
0
What is the units digit of 475?
5
What is the ten thousands digit of 73829?
7
What is the tens digit of 6541?
4
What is the hundreds digit of 19976?
9
What is the thousands digit of 42232?
2
What is the hundreds digit of 2525?
5
What is the hundreds digit of 29041?
0
What is the hundreds digit of 21995?
9
What is the tens digit of 647?
4
What is the tens digit of 1585?
8
What is the units digit of 4172?
2
What is the thousands digit of 1707?
1
What is the units digit of 64915?
5
What is the units digit of 246?
6
What is the tens digit of 4199?
9
What is the ten thousands digit of 51679?
5
What is the ten thousands digit of 11373?
1
What is the units digit of 5402?
2
What is the ten thousands digit of 14264?
1
What is the thousands digit of 1013?
1
What is the hundreds digit of 101076?
0
What is the units digit of 169?
9
What is the thousands digit of 2916?
2
What is the units digit of 3?
3
What is the hundreds digit of 13404?
4
What is the units digit of 9546?
6
What is the units digit of 1457?
7
What is the tens digit of 2131?
3
What is the units digit of 1295?
5
What is the hundreds digit of 67092?
0
What is the hundreds digit of 39197?
1
What is the tens digit of 101922?
2
What is the thousands digit of 3704?
3
What is the units digit of 123?
3
What is the tens digit of 1362?
6
What is the units digit of 7010?
0
What is the thousands digit of 40403?
0
What is the thousands digit of 9637?
9
What is the units digit of 1239?
9
What is the hundreds digit of 637?
6
What is the tens digit of 1067?
6
What is the thousands digit of 1760?
1
What is the thousands digit of 116747?
6
What is the thousands digit of 13708?
3
What is the units digit of 941?
1
What is the tens digit of 1693?
9
What is the hundreds digit of 8584?
5
What is the hundreds digit of 633?
6
What is the tens digit of 9077?
7
What is the hundreds digit of 505?
5
What is the hundreds digit of 10281?
2
What is the hundreds digit of 71998?
9
What is the tens digit of 5003?
0
What is the units digit of 1356?
6
What is the tens digit of 1320?
2
What is the units digit of 6039?
9
What is the units digit of 1848?
8
What is the tens digit of 5116?
1
What is the units digit of 7228?
8
What is the tens digit of 9585?
8
What is the units digit of 2310?
0
What is the tens digit of 12541?
4
What is the tens digit of 352?
5
What is the units digit of 1345?
5
What is the units digit of 12409?
9
What is the units digit of 8414?
4
What is the units digit of 2004?
4
What is the units digit of 1927?
7
What is the tens digit of 3439?
3
What is the thousands digit of 102864?
2
W